{"id":235,"date":"2024-02-26T09:56:56","date_gmt":"2024-02-26T09:56:56","guid":{"rendered":"https:\/\/projektkehlplus.de\/?page_id=235"},"modified":"2024-09-15T15:58:03","modified_gmt":"2024-09-15T13:58:03","slug":"kontakt","status":"publish","type":"page","link":"https:\/\/projektkehlplus.de\/?page_id=235","title":{"rendered":"Kontakt"},"content":{"rendered":"\n<p class=\"has-large-font-size\">Du hast verschiedene M\u00f6glichkeiten, mit uns in Kontakt zu treten.<\/p>\n\n\n\n<p class=\"has-large-font-size\">Am Liebsten ist uns nat\u00fcrlich, wenn wir uns pers\u00f6nlich begegnen. Schaue einfach in den <a href=\"http:\/\/projektkehlplus.de\/?post_type=tribe_events\">Veranstaltungskalender<\/a>, wo wir pers\u00f6nlich, quasi Live und in Farbe,  anzutreffen sind.<\/p>\n\n\n\n<p class=\"has-large-font-size\">Ansonsten kann man uns nat\u00fcrlich auch hier erreichen:<\/p>\n\n\n\n<div class=\"wp-block-media-text is-stacked-on-mobile\" style=\"grid-template-columns:15% auto\"><figure class=\"wp-block-media-text__media\"><img loading=\"lazy\" decoding=\"async\" width=\"1024\" height=\"1024\" src=\"https:\/\/projektkehlplus.de\/wp-content\/uploads\/2024\/02\/facebook-logo-483-1024x1024.png\" alt=\"\" class=\"wp-image-159 size-full\" srcset=\"https:\/\/projektkehlplus.de\/wp-content\/uploads\/2024\/02\/facebook-logo-483-1024x1024.png 1024w, https:\/\/projektkehlplus.de\/wp-content\/uploads\/2024\/02\/facebook-logo-483-300x300.png 300w, https:\/\/projektkehlplus.de\/wp-content\/uploads\/2024\/02\/facebook-logo-483-150x150.png 150w, https:\/\/projektkehlplus.de\/wp-content\/uploads\/2024\/02\/facebook-logo-483-768x768.png 768w, https:\/\/projektkehlplus.de\/wp-content\/uploads\/2024\/02\/facebook-logo-483-1536x1536.png 1536w, https:\/\/projektkehlplus.de\/wp-content\/uploads\/2024\/02\/facebook-logo-483.png 1600w\" sizes=\"(max-width: 1024px) 100vw, 1024px\" \/><\/figure><div class=\"wp-block-media-text__content\">\n<p class=\"has-tertiary-color has-text-color has-background has-link-color has-large-font-size wp-elements-fca65a471cebffc66c9f60493a8ecc33\" style=\"background-color:#22367f\"><a href=\"https:\/\/www.facebook.com\/profile.php?id=61557617793624\">Hier sind wir auf facebook<\/a><\/p>\n<\/div><\/div>\n\n\n\n<div class=\"wp-block-media-text is-stacked-on-mobile\" style=\"grid-template-columns:15% auto\"><figure class=\"wp-block-media-text__media\"><img loading=\"lazy\" decoding=\"async\" width=\"1024\" height=\"993\" src=\"https:\/\/projektkehlplus.de\/wp-content\/uploads\/2024\/02\/instagram-logo-2-2977714143-1024x993.png\" alt=\"\" class=\"wp-image-158 size-full\" srcset=\"https:\/\/projektkehlplus.de\/wp-content\/uploads\/2024\/02\/instagram-logo-2-2977714143-1024x993.png 1024w, https:\/\/projektkehlplus.de\/wp-content\/uploads\/2024\/02\/instagram-logo-2-2977714143-300x291.png 300w, https:\/\/projektkehlplus.de\/wp-content\/uploads\/2024\/02\/instagram-logo-2-2977714143-768x745.png 768w, https:\/\/projektkehlplus.de\/wp-content\/uploads\/2024\/02\/instagram-logo-2-2977714143-1536x1489.png 1536w, https:\/\/projektkehlplus.de\/wp-content\/uploads\/2024\/02\/instagram-logo-2-2977714143-2048x1985.png 2048w\" sizes=\"(max-width: 1024px) 100vw, 1024px\" \/><\/figure><div class=\"wp-block-media-text__content\">\n<p class=\"has-tertiary-color has-text-color has-background has-link-color has-large-font-size wp-elements-0ca0c079a3649b159847ef6fd4a4f300\" style=\"background-color:#22367f\"><a href=\"https:\/\/instagramm.com\/projektkehlplus\">Hier sind wir auf Instagramm<\/a><\/p>\n<\/div><\/div>\n\n\n\n<div class=\"wp-block-media-text is-stacked-on-mobile\" style=\"grid-template-columns:15% auto\"><figure class=\"wp-block-media-text__media\"><img loading=\"lazy\" decoding=\"async\" width=\"580\" height=\"386\" src=\"https:\/\/projektkehlplus.de\/wp-content\/uploads\/2024\/02\/eMail.jpg\" alt=\"\" class=\"wp-image-382 size-full\" srcset=\"https:\/\/projektkehlplus.de\/wp-content\/uploads\/2024\/02\/eMail.jpg 580w, https:\/\/projektkehlplus.de\/wp-content\/uploads\/2024\/02\/eMail-300x200.jpg 300w\" sizes=\"(max-width: 580px) 100vw, 580px\" \/><\/figure><div class=\"wp-block-media-text__content\">\n<p class=\"has-tertiary-color has-text-color has-background has-link-color has-large-font-size wp-elements-fa05abbc0e0cd25e8e05004cb23badf8\" style=\"background-color:#22367f\"><a href=\"Mailto:info@projektkehlplus.de\">Hier sind wir per Mail erreichbar<\/a><\/p>\n<\/div><\/div>\n","protected":false},"excerpt":{"rendered":"<p>Du hast verschiedene M\u00f6glichkeiten, mit uns in Kontakt zu treten. Am Liebsten ist uns nat\u00fcrlich, wenn wir uns pers\u00f6nlich begegnen. Schaue einfach in den Veranstaltungskalender, wo wir pers\u00f6nlich, quasi Live [&hellip;]<\/p>\n","protected":false},"author":1,"featured_media":0,"parent":0,"menu_order":1,"comment_status":"closed","ping_status":"closed","template":"","meta":{"_coblocks_attr":"","_coblocks_dimensions":"","_coblocks_responsive_height":"","_coblocks_accordion_ie_support":"","_EventAllDay":false,"_EventTimezone":"","_EventStartDate":"","_EventEndDate":"","_EventStartDateUTC":"","_EventEndDateUTC":"","_EventShowMap":false,"_EventShowMapLink":false,"_EventURL":"","_EventCost":"","_EventCostDescription":"","_EventCurrencySymbol":"","_EventCurrencyCode":"","_EventCurrencyPosition":"","_EventDateTimeSeparator":"","_EventTimeRangeSeparator":"","_EventOrganizerID":[],"_EventVenueID":[],"_OrganizerEmail":"","_OrganizerPhone":"","_OrganizerWebsite":"","_VenueAddress":"","_VenueCity":"","_VenueCountry":"","_VenueProvince":"","_VenueState":"","_VenueZip":"","_VenuePhone":"","_VenueURL":"","_VenueStateProvince":"","_VenueLat":"","_VenueLng":"","_VenueShowMap":false,"_VenueShowMapLink":false,"hide_page_title":"","footnotes":"","two_page_speed":{"previous_score":{"desktop_score":89,"desktop_tti":"1.4\u00a0","mobile_score":60,"mobile_tti":"6.6\u00a0","date":"02.05.2024 03:33:58 pm","status":"completed"},"current_score":{"desktop_score":99,"desktop_tti":"0.9\u00a0","mobile_score":86,"mobile_tti":"3.6\u00a0","date":"15.09.2024 03:58:30 pm","status":"completed"}}},"_links":{"self":[{"href":"https:\/\/projektkehlplus.de\/index.php?rest_route=\/wp\/v2\/pages\/235"}],"collection":[{"href":"https:\/\/projektkehlplus.de\/index.php?rest_route=\/wp\/v2\/pages"}],"about":[{"href":"https:\/\/projektkehlplus.de\/index.php?rest_route=\/wp\/v2\/types\/page"}],"author":[{"embeddable":true,"href":"https:\/\/projektkehlplus.de\/index.php?rest_route=\/wp\/v2\/users\/1"}],"replies":[{"embeddable":true,"href":"https:\/\/projektkehlplus.de\/index.php?rest_route=%2Fwp%2Fv2%2Fcomments&post=235"}],"version-history":[{"count":19,"href":"https:\/\/projektkehlplus.de\/index.php?rest_route=\/wp\/v2\/pages\/235\/revisions"}],"predecessor-version":[{"id":584,"href":"https:\/\/projektkehlplus.de\/index.php?rest_route=\/wp\/v2\/pages\/235\/revisions\/584"}],"wp:attachment":[{"href":"https:\/\/projektkehlplus.de\/index.php?rest_route=%2Fwp%2Fv2%2Fmedia&parent=235"}],"curies":[{"name":"wp","href":"https:\/\/api.w.org\/{rel}","templated":true}]}}