{"id":43,"date":"2024-02-23T17:45:25","date_gmt":"2024-02-23T17:45:25","guid":{"rendered":"https:\/\/projektkehlplus.de\/?page_id=43"},"modified":"2024-09-14T23:09:00","modified_gmt":"2024-09-14T21:09:00","slug":"zukunftsinvestitionen","status":"publish","type":"page","link":"https:\/\/projektkehlplus.de\/?page_id=43","title":{"rendered":"Zukunftsinvestitionen"},"content":{"rendered":"\n<p class=\"is-style-default has-text-color has-background has-link-color has-large-font-size coblocks-animate wp-elements-f8cc8ee29b62a37e3c7f46097f630fdf\" style=\"color:#22367f;background-color:#cbcbcb;font-style:normal;font-weight:600\" data-coblocks-animation=\"fadeIn\">&#8222;Beginne mit dem Notwendigen, <br>dann tue das M\u00f6gliche <br>und pl\u00f6tzlich wirst Du <br>das Unm\u00f6gliche tun.&#8220;<br><strong><em>Franz von Assisi<\/em><\/strong><\/p>\n\n\n\n<div style=\"height:18px\" aria-hidden=\"true\" class=\"wp-block-spacer\"><\/div>\n\n\n\n<p class=\"has-medium-font-size\">Die Welt ist im Wandel, Kehl ist im Wandel. Viele Weichen f\u00fcr Morgen m\u00fcssen schon heute <em>gestellt<\/em> werden, um Morgen gut auf<em>gestellt<\/em> zu sein. Doch nicht nur die Entscheidungen, sondern auch die Kommunikation derer sind entscheidend. Die Themen von verschiedenen Seiten, Sichtweisen, Intuitionen und mit fundiertem Fachwissen zu beleuchten geht am Besten, wenn man breit aufgestellt ist.  <\/p>\n\n\n\n<div style=\"height:18px\" aria-hidden=\"true\" class=\"wp-block-spacer\"><\/div>\n\n\n\n<p class=\"is-style-default has-text-color has-link-color has-large-font-size wp-elements-000deddb31529b8bbd1acfef5000197e\" style=\"color:#0c388a;font-style:normal;font-weight:600\"><\/p>\n\n\n\n<div class=\"wp-block-media-text is-stacked-on-mobile\" style=\"grid-template-columns:15% auto\"><figure class=\"wp-block-media-text__media\"><img loading=\"lazy\" decoding=\"async\" width=\"139\" height=\"132\" src=\"https:\/\/projektkehlplus.de\/wp-content\/uploads\/2024\/03\/Plus.jpg\" alt=\"\" class=\"wp-image-574 size-full\"\/><\/figure><div class=\"wp-block-media-text__content\">\n<p class=\"has-text-align-left has-text-color has-link-color has-huge-font-size wp-elements-a00eee79d29635f7290a43ca360c8b5f\" style=\"color:#22367f\"><strong><strong><strong><strong><strong>Energieversorgung<\/strong><\/strong><\/strong><\/strong><\/strong><\/p>\n<\/div><\/div>\n\n\n\n<p class=\"has-medium-font-size\"><em><strong>Bezahlbare W\u00e4rme f\u00fcr uns alle<\/strong><\/em><\/p>\n\n\n\n<ul>\n<li class=\"has-medium-font-size\">Ausbau des Fernw\u00e4rmenetzes<\/li>\n\n\n\n<li class=\"has-medium-font-size\">Gr\u00fcndung eines W\u00e4rmebeirats (Expert*innen, B\u00fcrger*innen, Gemeinder\u00e4t*innen)<\/li>\n\n\n\n<li class=\"has-medium-font-size\">Erh\u00f6hung der st\u00e4dtischen F\u00f6rderbetr\u00e4ge<\/li>\n\n\n\n<li class=\"has-medium-font-size\">CO2 neutrale Stromversorgung<\/li>\n<\/ul>\n\n\n\n<hr class=\"wp-block-coblocks-dynamic-separator\" style=\"height:62px\"\/>\n\n\n\n<p class=\"is-style-default has-text-color has-link-color has-large-font-size wp-elements-87a55099a9895dc543c3d51160961b50\" style=\"color:#22367f;font-style:normal;font-weight:600\"><\/p>\n\n\n\n<div class=\"wp-block-media-text is-stacked-on-mobile\" style=\"grid-template-columns:15% auto\"><figure class=\"wp-block-media-text__media\"><img loading=\"lazy\" decoding=\"async\" width=\"139\" height=\"132\" src=\"https:\/\/projektkehlplus.de\/wp-content\/uploads\/2024\/03\/Plus.jpg\" alt=\"\" class=\"wp-image-574 size-full\"\/><\/figure><div class=\"wp-block-media-text__content\">\n<p class=\"has-text-align-left has-text-color has-link-color has-huge-font-size wp-elements-31601b0b9087ac72e19e3dd81e01cb6d\" style=\"color:#22367f\"><strong><strong><strong><strong><strong>Infrastruktur<\/strong><\/strong><\/strong><\/strong><\/strong><\/p>\n<\/div><\/div>\n\n\n\n<p class=\"has-medium-font-size\"><em><strong><em><strong>Sauberes Wasser und sichere Verkehrsf\u00fchrung f\u00fcr uns alle<\/strong><\/em><\/strong><\/em><\/p>\n\n\n\n<ul>\n<li class=\"has-medium-font-size\">Wasser<\/li>\n\n\n\n<li class=\"has-medium-font-size\">Abwasser<\/li>\n\n\n\n<li class=\"has-medium-font-size\">Kl\u00e4ranlage<\/li>\n\n\n\n<li class=\"has-medium-font-size\">Radwege<\/li>\n\n\n\n<li class=\"has-medium-font-size\">\u00d6PNV<\/li>\n\n\n\n<li class=\"has-medium-font-size\">Stra\u00dfensanierungen<\/li>\n\n\n\n<li class=\"has-medium-font-size\">Verkehrsf\u00fchrung<\/li>\n<\/ul>\n\n\n\n<hr class=\"wp-block-coblocks-dynamic-separator\" style=\"height:62px\"\/>\n\n\n\n<p class=\"is-style-default has-text-color has-link-color has-large-font-size wp-elements-87a55099a9895dc543c3d51160961b50\" style=\"color:#22367f;font-style:normal;font-weight:600\"><\/p>\n\n\n\n<div class=\"wp-block-media-text is-stacked-on-mobile\" style=\"grid-template-columns:15% auto\"><figure class=\"wp-block-media-text__media\"><img loading=\"lazy\" decoding=\"async\" width=\"139\" height=\"132\" src=\"https:\/\/projektkehlplus.de\/wp-content\/uploads\/2024\/03\/Plus.jpg\" alt=\"\" class=\"wp-image-574 size-full\"\/><\/figure><div class=\"wp-block-media-text__content\">\n<p class=\"has-text-align-left has-text-color has-link-color has-huge-font-size wp-elements-3cb40b5413e15cb86af38cc4e4a0aa4d\" style=\"color:#22367f\"><strong><strong><strong><strong><strong>Wohnraumentwicklung<\/strong><\/strong><\/strong><\/strong><\/strong><\/p>\n<\/div><\/div>\n\n\n\n<p class=\"has-medium-font-size\"><em><strong><em><strong><em><strong>Nachhaltiger Wohn- und Lebensraum f\u00fcr uns alle<\/strong><\/em><\/strong><\/em><\/strong><\/em><\/p>\n\n\n\n<ul>\n<li class=\"has-medium-font-size\">Finanzielle und inhaltliche St\u00e4rkung der st\u00e4dtischen Wohnbaugesellschaft<\/li>\n\n\n\n<li class=\"has-medium-font-size\">Architektur im Wandel, Innenentwicklung vor Au\u00dfenentwicklung,<\/li>\n\n\n\n<li class=\"has-medium-font-size\">Ressourcen- und fl\u00e4chenschonendes Bauen<\/li>\n<\/ul>\n\n\n\n<hr class=\"wp-block-coblocks-dynamic-separator\" style=\"height:62px\"\/>\n\n\n\n<p class=\"is-style-default has-text-color has-link-color has-large-font-size wp-elements-87a55099a9895dc543c3d51160961b50\" style=\"color:#22367f;font-style:normal;font-weight:600\"><\/p>\n\n\n\n<div class=\"wp-block-media-text is-stacked-on-mobile\" style=\"grid-template-columns:15% auto\"><figure class=\"wp-block-media-text__media\"><img loading=\"lazy\" decoding=\"async\" width=\"139\" height=\"132\" src=\"https:\/\/projektkehlplus.de\/wp-content\/uploads\/2024\/03\/Plus.jpg\" alt=\"\" class=\"wp-image-574 size-full\"\/><\/figure><div class=\"wp-block-media-text__content\">\n<p class=\"has-text-align-left has-text-color has-link-color has-huge-font-size wp-elements-ee1f840d6ab83b60162762b7602b92e7\" style=\"color:#22367f\"><strong><strong><strong><strong><strong>Quartiersentwicklung<\/strong><\/strong><\/strong><\/strong><\/strong><\/p>\n<\/div><\/div>\n\n\n\n<p class=\"has-medium-font-size\"><em><strong><em><strong><em><strong><em><strong>Die Menschen, nicht die H\u00e4user machen die Stadt. (Perikles)<\/strong><\/em><\/strong><\/em><\/strong><\/em><\/strong><\/em><\/p>\n\n\n\n<p class=\"has-medium-font-size\">Eine gute Quartiersentwicklung <\/p>\n\n\n\n<ul>\n<li class=\"has-medium-font-size\">erm\u00f6glicht Teilhabe<\/li>\n\n\n\n<li class=\"has-medium-font-size\">bietet R\u00e4ume zur Meinungsbildung<\/li>\n\n\n\n<li class=\"has-medium-font-size\">St\u00e4rkung der Netzwerkarbeit und des nachbarschaftlichen Engagements<\/li>\n<\/ul>\n\n\n\n<p class=\"has-medium-font-size\">Ein gutes Gemeinwesen ist inklusiv und integrativ.<\/p>\n\n\n\n<p class=\"has-medium-font-size\"><a href=\"https:\/\/projektkehlplus.de\/wp-content\/uploads\/2024\/04\/Quartier-1.pdf\">WEITERLESEN<\/a><\/p>\n\n\n\n<p><\/p>\n\n\n\n<hr class=\"wp-block-coblocks-dynamic-separator\" style=\"height:62px\"\/>\n\n\n\n<p class=\"is-style-default has-text-color has-link-color has-large-font-size wp-elements-87a55099a9895dc543c3d51160961b50\" style=\"color:#22367f;font-style:normal;font-weight:600\"><\/p>\n\n\n\n<div class=\"wp-block-media-text is-stacked-on-mobile\" style=\"grid-template-columns:15% auto\"><figure class=\"wp-block-media-text__media\"><img loading=\"lazy\" decoding=\"async\" width=\"139\" height=\"132\" src=\"https:\/\/projektkehlplus.de\/wp-content\/uploads\/2024\/03\/Plus.jpg\" alt=\"\" class=\"wp-image-574 size-full\"\/><\/figure><div class=\"wp-block-media-text__content\">\n<p class=\"has-text-align-left has-text-color has-link-color has-huge-font-size wp-elements-f60cb89f217505cb1832916bbb30dcf5\" style=\"color:#22367f\"><strong><strong><strong><strong><strong>Gewerbefl\u00e4chen<\/strong><\/strong><\/strong><\/strong><\/strong><\/p>\n<\/div><\/div>\n\n\n\n<p class=\"has-medium-font-size\"><em><strong><em><strong><em><strong><em><strong><em><strong>Zusammen arbeiten \u2013 zusammen leben<\/strong><\/em><\/strong><\/em><\/strong><\/em><\/strong><\/em><\/strong><\/em><\/p>\n\n\n\n<ul>\n<li class=\"has-medium-font-size\">St\u00e4rkung des Wirtschaftsstandorts Kehl<\/li>\n\n\n\n<li class=\"has-medium-font-size\">Wohnortnahe Arbeitspl\u00e4tze<\/li>\n\n\n\n<li class=\"has-medium-font-size\">Regelm\u00e4\u00dfiger Austausch zwischen B\u00fcrger*innen und Industrie, Handel und Handwerk<\/li>\n<\/ul>\n\n\n\n<hr class=\"wp-block-coblocks-dynamic-separator\" style=\"height:62px\"\/>\n\n\n\n<p class=\"is-style-default has-text-color has-link-color has-large-font-size wp-elements-87a55099a9895dc543c3d51160961b50\" style=\"color:#22367f;font-style:normal;font-weight:600\"><\/p>\n\n\n\n<div class=\"wp-block-media-text is-stacked-on-mobile\" style=\"grid-template-columns:15% auto\"><figure class=\"wp-block-media-text__media\"><img loading=\"lazy\" decoding=\"async\" width=\"139\" height=\"132\" src=\"https:\/\/projektkehlplus.de\/wp-content\/uploads\/2024\/03\/Plus.jpg\" alt=\"\" class=\"wp-image-574 size-full\"\/><\/figure><div class=\"wp-block-media-text__content\">\n<p class=\"has-text-align-left has-text-color has-link-color has-huge-font-size wp-elements-e73eac87a676e4a1a8e312ef0dc4cf04\" style=\"color:#22367f\"><strong><strong><strong><strong><strong>Imagebildung<\/strong><\/strong><\/strong><\/strong><\/strong><\/p>\n<\/div><\/div>\n\n\n\n<p class=\"has-medium-font-size\"><em><strong>Es gibt viele Wege zum Gl\u00fcck, einer davon ist,<\/strong><\/em><\/p>\n\n\n\n<p class=\"has-medium-font-size\"><em><strong>aufh\u00f6ren zu jammern. (Albert Einstein)<\/strong><\/em><\/p>\n\n\n\n<ul>\n<li class=\"has-medium-font-size\">Chancen\/St\u00e4rken unserer Stadt benennen,<\/li>\n\n\n\n<li class=\"has-medium-font-size\">St\u00e4rkung des b\u00fcrgerschaftlichen Engagements<\/li>\n\n\n\n<li class=\"has-medium-font-size\">Stadtbudget f\u00fcr Pop-ups, Galerieprojekte, Start-ups, etc.<\/li>\n<\/ul>\n\n\n\n<hr class=\"wp-block-coblocks-dynamic-separator\" style=\"height:62px\"\/>\n\n\n\n<p class=\"is-style-default has-text-color has-link-color has-large-font-size wp-elements-87a55099a9895dc543c3d51160961b50\" style=\"color:#22367f;font-style:normal;font-weight:600\"><\/p>\n\n\n\n<div class=\"wp-block-media-text is-stacked-on-mobile\" style=\"grid-template-columns:15% auto\"><figure class=\"wp-block-media-text__media\"><img loading=\"lazy\" decoding=\"async\" width=\"139\" height=\"132\" src=\"https:\/\/projektkehlplus.de\/wp-content\/uploads\/2024\/03\/Plus.jpg\" alt=\"\" class=\"wp-image-574 size-full\"\/><\/figure><div class=\"wp-block-media-text__content\">\n<p class=\"has-text-align-left has-text-color has-link-color has-huge-font-size wp-elements-36683a9e1c66ac7a6279119253a6dba9\" style=\"color:#22367f\"><strong><strong><strong><strong><strong>B\u00fcrgerbeteiligung<\/strong><\/strong><\/strong><\/strong><\/strong> <\/p>\n\n\n\n<p class=\"has-text-align-left has-text-color has-link-color has-huge-font-size wp-elements-82490ab6c6074212c210ab93eb9c2c00\" style=\"color:#22367f\"><\/p>\n<\/div><\/div>\n\n\n\n<p class=\"has-medium-font-size\"><em><strong><em><strong>Einfach, strukturiert und niederschwellig<\/strong><\/em><\/strong><\/em><\/p>\n\n\n\n<p><\/p>\n\n\n\n<ul>\n<li class=\"has-medium-font-size\">Ansprechpartner*in direkt dem OB zugeordnet<\/li>\n\n\n\n<li class=\"has-medium-font-size\">Koordination von B\u00fcrgerfragen<\/li>\n\n\n\n<li class=\"has-medium-font-size\">Vorbereitung von B\u00fcrgerversammlungen und weitergehenden B\u00fcrgerbeteiligungsformaten<\/li>\n<\/ul>\n\n\n\n<p class=\"has-medium-font-size\"><a href=\"https:\/\/projektkehlplus.de\/wp-content\/uploads\/2024\/04\/Buergerbeteiligung.pdf\">WEITERLESEN<\/a><\/p>\n\n\n\n<hr class=\"wp-block-coblocks-dynamic-separator\" style=\"height:62px\"\/>\n\n\n\n<p class=\"is-style-default has-text-color has-link-color has-large-font-size wp-elements-87a55099a9895dc543c3d51160961b50\" style=\"color:#22367f;font-style:normal;font-weight:600\"><\/p>\n\n\n\n<div class=\"wp-block-media-text is-stacked-on-mobile\" style=\"grid-template-columns:15% auto\"><figure class=\"wp-block-media-text__media\"><img loading=\"lazy\" decoding=\"async\" width=\"139\" height=\"132\" src=\"https:\/\/projektkehlplus.de\/wp-content\/uploads\/2024\/03\/Plus.jpg\" alt=\"\" class=\"wp-image-574 size-full\"\/><\/figure><div class=\"wp-block-media-text__content\">\n<p class=\"has-text-color has-link-color has-huge-font-size wp-elements-79c5585866fc200884521090881145b1\" style=\"color:#22367f\"><strong><strong><strong><strong><strong>Kultur<em>en<\/em> im Miteinander<\/strong><\/strong><\/strong><\/strong><\/strong><\/p>\n<\/div><\/div>\n\n\n\n<p class=\"has-medium-font-size\"><em><strong><em><strong><em><strong>Wenn du es dir vorstellen kannst, kannst du es auch tun. <\/strong><\/em><\/strong><\/em><\/strong><\/em><\/p>\n\n\n\n<p class=\"has-medium-font-size\"><em><strong><em><strong><em><strong>(Walt Disney)<\/strong><\/em><\/strong><\/em><\/strong><\/em><\/p>\n\n\n\n<p><\/p>\n\n\n\n<ul>\n<li class=\"has-medium-font-size\">Voneinander lernen<\/li>\n\n\n\n<li class=\"has-medium-font-size\">Dialog als Reichtum des gesellschaftlichen Miteinanders<\/li>\n<\/ul>\n\n\n\n<p class=\"is-style-default has-text-color has-link-color has-large-font-size wp-elements-87a55099a9895dc543c3d51160961b50\" style=\"color:#22367f;font-style:normal;font-weight:600\"><\/p>\n\n\n\n<hr class=\"wp-block-coblocks-dynamic-separator\" style=\"height:62px\"\/>\n\n\n\n<div class=\"wp-block-media-text is-stacked-on-mobile\" style=\"grid-template-columns:15% auto\"><figure class=\"wp-block-media-text__media\"><img loading=\"lazy\" decoding=\"async\" width=\"139\" height=\"132\" src=\"https:\/\/projektkehlplus.de\/wp-content\/uploads\/2024\/03\/Plus.jpg\" alt=\"\" class=\"wp-image-574 size-full\"\/><\/figure><div class=\"wp-block-media-text__content\">\n<p class=\"has-text-color has-link-color has-huge-font-size wp-elements-6d0a812d1ebafd0c38407390f92eb9a9\" style=\"color:#22367f\"><strong><strong><strong><strong><strong>Kulturbereich als eigenst\u00e4ndiger <\/strong><\/strong><\/strong><\/strong>Fachbereich<\/strong><\/p>\n<\/div><\/div>\n\n\n\n<p class=\"has-medium-font-size\"><em><strong><em><strong><em><strong>Kultur: vielseitig, selbstbestimmt und br\u00fcckenbauend <\/strong><\/em><\/strong><\/em><\/strong><\/em><\/p>\n\n\n\n<p><\/p>\n\n\n\n<ul>\n<li class=\"has-medium-font-size\">Neues ausprobieren<\/li>\n\n\n\n<li class=\"has-medium-font-size\">Kunst und Kultur als Teil der Bildung<\/li>\n<\/ul>\n\n\n\n<hr class=\"wp-block-coblocks-dynamic-separator\" style=\"height:62px\"\/>\n\n\n\n<div class=\"wp-block-media-text is-stacked-on-mobile\" style=\"grid-template-columns:15% auto\"><figure class=\"wp-block-media-text__media\"><img loading=\"lazy\" decoding=\"async\" width=\"139\" height=\"132\" src=\"https:\/\/projektkehlplus.de\/wp-content\/uploads\/2024\/03\/Plus.jpg\" alt=\"\" class=\"wp-image-574 size-full\"\/><\/figure><div class=\"wp-block-media-text__content\">\n<p class=\"has-text-color has-link-color has-huge-font-size wp-elements-1a47578f9f156a09dae55e8024fbc15f\" style=\"color:#22367f\"><strong><strong><strong><strong><strong>Jugend in Kehl<\/strong><\/strong><\/strong><\/strong><\/strong><\/p>\n<\/div><\/div>\n\n\n\n<p class=\"has-medium-font-size\"><em><strong><em><strong><em><strong>Jugend ist unsere Zukunft &#8211; diese gibt es nicht zum Nulltarif<\/strong><\/em><\/strong><\/em><\/strong><\/em><\/p>\n\n\n\n<p><\/p>\n\n\n\n<ul>\n<li class=\"has-medium-font-size\">Zielgerichtete Kommunikation mit einer Stelle eines \/ einer Jugendreferentin<\/li>\n\n\n\n<li class=\"has-medium-font-size\">Unmittelbare Beteiligung an Entscheidungen und Umsetzungsprozessen<\/li>\n\n\n\n<li class=\"has-medium-font-size\">Experimentierr\u00e4ume schaffen<\/li>\n<\/ul>\n\n\n\n<p class=\"has-medium-font-size\"><a href=\"https:\/\/projektkehlplus.de\/wp-content\/uploads\/2024\/04\/Jugend.pdf\">WEITERLESEN<\/a><\/p>\n\n\n\n<p class=\"has-medium-font-size\"><\/p>\n","protected":false},"excerpt":{"rendered":"<p>&#8222;Beginne mit dem Notwendigen, dann tue das M\u00f6gliche und pl\u00f6tzlich wirst Du das Unm\u00f6gliche tun.&#8220;Franz von Assisi Die Welt ist im Wandel, Kehl ist im Wandel. Viele Weichen f\u00fcr Morgen [&hellip;]<\/p>\n","protected":false},"author":1,"featured_media":0,"parent":0,"menu_order":0,"comment_status":"closed","ping_status":"closed","template":"","meta":{"_coblocks_attr":"","_coblocks_dimensions":"","_coblocks_responsive_height":"","_coblocks_accordion_ie_support":"","_EventAllDay":false,"_EventTimezone":"","_EventStartDate":"","_EventEndDate":"","_EventStartDateUTC":"","_EventEndDateUTC":"","_EventShowMap":false,"_EventShowMapLink":false,"_EventURL":"","_EventCost":"","_EventCostDescription":"","_EventCurrencySymbol":"","_EventCurrencyCode":"","_EventCurrencyPosition":"","_EventDateTimeSeparator":"","_EventTimeRangeSeparator":"","_EventOrganizerID":[],"_EventVenueID":[],"_OrganizerEmail":"","_OrganizerPhone":"","_OrganizerWebsite":"","_VenueAddress":"","_VenueCity":"","_VenueCountry":"","_VenueProvince":"","_VenueState":"","_VenueZip":"","_VenuePhone":"","_VenueURL":"","_VenueStateProvince":"","_VenueLat":"","_VenueLng":"","_VenueShowMap":false,"_VenueShowMapLink":false,"hide_page_title":"enabled","footnotes":"","two_page_speed":{"previous_score":{"desktop_score":86,"desktop_tti":"1.6\u00a0","mobile_score":60,"mobile_tti":"7.1\u00a0","date":"24.04.2024 11:50:55 am","status":"completed"},"current_score":{"desktop_score":99,"desktop_tti":"0.6\u00a0","mobile_score":94,"mobile_tti":"2.6\u00a0","date":"14.09.2024 11:09:29 pm","status":"completed"}}},"_links":{"self":[{"href":"https:\/\/projektkehlplus.de\/index.php?rest_route=\/wp\/v2\/pages\/43"}],"collection":[{"href":"https:\/\/projektkehlplus.de\/index.php?rest_route=\/wp\/v2\/pages"}],"about":[{"href":"https:\/\/projektkehlplus.de\/index.php?rest_route=\/wp\/v2\/types\/page"}],"author":[{"embeddable":true,"href":"https:\/\/projektkehlplus.de\/index.php?rest_route=\/wp\/v2\/users\/1"}],"replies":[{"embeddable":true,"href":"https:\/\/projektkehlplus.de\/index.php?rest_route=%2Fwp%2Fv2%2Fcomments&post=43"}],"version-history":[{"count":48,"href":"https:\/\/projektkehlplus.de\/index.php?rest_route=\/wp\/v2\/pages\/43\/revisions"}],"predecessor-version":[{"id":680,"href":"https:\/\/projektkehlplus.de\/index.php?rest_route=\/wp\/v2\/pages\/43\/revisions\/680"}],"wp:attachment":[{"href":"https:\/\/projektkehlplus.de\/index.php?rest_route=%2Fwp%2Fv2%2Fmedia&parent=43"}],"curies":[{"name":"wp","href":"https:\/\/api.w.org\/{rel}","templated":true}]}}